et c(j) = 245*j - 8511. Give c(35).
64
Let s(t) = -898*t**2 + 15264*t + 6. Determine s(17).
-28
Let x(a) = 15225*a - 22243727. Determine x(1461).
-2
Let y(d) = -d**2 - 80*d - 171. Determine y(-46).
1393
Let d(j) = 567*j - 104288. Determine d(184).
40
Let y(w) = -22592*w + 91094. What is y(4)?
726
Let h(j) = -105*j**2 + 126646*j - 19296. Calculate h(1206).
0
Let y(x) = x**3 + 426*x**2 + 1266*x - 15. Calculate y(-3).
-6
Let j(o) = -o**3 - 24*o**2 - 618*o - 12572. What is j(-22)?
56
Let g(j) = -3527*j - 684234. Calculate g(-194).
4
Let v(s) = -19*s**3 + 1348*s**2 + 71*s - 49. Give v(71).
-49
Let c(s) = -34367*s + 559. Determine c(0).
559
Let d(b) = b**3 + 1214*b**2 - 41134*b - 505. Give d(33).
56
Let y(x) = 2*x**2 + 338*x - 43860. What is y(-255)?
0
Let y(d) = 4067*d + 24174. Determine y(-6).
-228
Let j(b) = 7*b**3 + 185*b**2 + 85*b + 184. Give j(-26).
2
Let q(w) = 17*w**2 - 232*w - 478. What is q(-2)?
54
Let z(g) = -1065*g + 53091. Give z(50).
-159
Let g(x) = -2*x**2 - 4755*x - 42649. Calculate g(-9).
-16
Let c(h) = -h**3 - 44*h**2 - 322*h + 10. Determine c(-9).
73
Let z(m) = -14*m**3 + 13*m**2 + 3*m - 15. Give z(3).
-267
Let i(g) = -54436*g - 4137134. Determine i(-76).
2
Let y(i) = -2*i**3 + 53*i**2 - 32*i + 19. Give y(26).
-137
Let h(o) = 1327*o - 107171. Determine h(81).
316
Let u(m) = m**3 - 7*m**2 - 35*m + 268. Determine u(5).
43
Let f(p) = 3*p**2 + 743*p + 36068. Give f(-66).
98
Let v(w) = w**2 + 21844*w - 218545. Give v(10).
-5
Let u(c) = -245*c**2 + 509*c - 412. Determine u(1).
-148
Let z(c) = c**2 + 22*c - 3267. Give z(-75).
708
Let p(t) = -2*t**3 + 133*t**2 + 56*t + 730. Give p(67).
-7
Let b(c) = 293*c - 52241. Calculate b(179).
206
Let k(o) = -110043*o - 6602587. Give k(-60).
-7
Let w(l) = -1385*l + 20761. Calculate w(15).
-14
Let z(d) = 2*d**3 + 166*d**2 + 3000*d + 9965. What is z(-59)?
53
Let j(f) = -4309*f + 297310. Calculate j(69).
-11
Let z(g) = 4*g**2 - 133*g - 832. Calculate z(-6).
110
Let s(l) = 17017*l + 2994995. Give s(-176).
3
Let l(d) = -2*d**3 + 607*d**2 - 1492*d - 3900. Determine l(301).
13
Let d(g) = 6523*g - 176572. What is d(27)?
-451
Let f(p) = -39*p + 4506. What is f(64)?
2010
Let z(m) = 66*m**2 - 431*m - 33. Calculate z(4).
-701
Let r(x) = x**2 - 63*x + 270. Determine r(8).
-170
Let x(j) = -j**3 + 27*j**2 + 166*j - 5960. Determine x(23).
-26
Let f(g) = -8257*g + 99046. Give f(12).
-38
Let p(r) = -174*r - 9364. Determine p(-51).
-490
Let m(h) = 6*h**3 - 55*h**2 - 191*h + 13. Determine m(-5).
-1157
Let f(k) = -9875*k - 187750. Give f(-19).
-125
Let a(y) = 1096*y + 15416. Give a(-15).
-1024
Let l(m) = 302*m**2 - 5150*m + 270. Determine l(17).
-2
Let s(v) = -2075*v - 879. Give s(-1).
1196
Let h(x) = 3672*x**2 + 99134*x - 278. Give h(-27).
-8
Let m(i) = -62628*i + 2379852. Calculate m(38).
-12
Let g(w) = -4*w**2 + 64*w - 44. Give g(15).
16
Let r(c) = -406225*c + 406223. Give r(1).
-2
Let p(t) = 623*t - 5643. Calculate p(9).
-36
Let j(v) = 15*v**2 - 423*v + 5260. Determine j(17).
2404
Let i(f) = -82803*f + 579622. Calculate i(7).
1
Let w(p) = 55*p + 409. Calculate w(-14).
-361
Let u(o) = 3*o**2 + 31817*o + 127259. What is u(-4)?
39
Let p(w) = w**3 + 9*w**2 - 5200*w - 10401. Determine p(-2).
27
Let w(s) = 4*s**3 + 528*s**2 - 9*s - 374. Calculate w(-132).
814
Let z(g) = 169*g + 1272. Calculate z(-11).
-587
Let d(h) = -144765*h + 1158124. Give d(8).
4
Let a(u) = -864*u - 5964. Determine a(-7).
84
Let y(b) = 39505*b + 434558. Calculate y(-11).
3
Let a(b) = 3*b**3 + 22*b**2 - 1454*b + 9346. What is a(11)?
7
Let j(v) = -v**2 - 254*v - 16226. What is j(-150)?
-626
Let u(z) = 8876*z - 9701. Determine u(1).
-825
Let t(x) = 84*x**2 + 1161*x - 24. Give t(-13).
-921
Let n(o) = 25*o**2 - 3689*o + 1627. What is n(147)?
-431
Let w(t) = -7*t**3 - 98*t**2 + 92. Give w(-13).
-1091
Let b(p) = -p**3 - 507*p**2 - 60478*p + 631. Calculate b(-315).
1
Let n(l) = -3629*l - 235949. Determine n(-65).
-64
Let q(l) = -l**2 + 71*l + 18485. Determine q(-105).
5
Let g(i) = 1557*i + 1543. What is g(-1)?
-14
Let n(t) = 3090*t + 1745831. Give n(-565).
-19
Let q(b) = 536042*b + 6968539. Determine q(-13).
-7
Let q(g) = -12*g + 178. Calculate q(-39).
646
Let m(a) = -10*a**2 - 431*a + 3386. What is m(-50)?
-64
Let g(q) = 92*q**3 + 938*q**2 + 174*q - 60. What is g(-10)?
0
Let y(b) = -3434*b - 31190. Give y(-9).
-284
Let m(o) = -o**2 + 870*o + 2591. What is m(-3)?
-28
Let n(y) = -y**2 + 337*y - 28803. What is n(209)?
-2051
Let n(j) = 114*j - 12957. Calculate n(114).
39
Let v(s) = 421*s**2 - 5890*s - 59. Calculate v(14).
-3
Let y(r) = 5375*r - 43026. What is y(8)?
-26
Let t(j) = -11*j**3 + 44*j**2 + 54. Calculate t(3).
153
Let h(i) = 27*i**3 + 97*i**2 + 13*i. What is h(-4)?
-228
Let k(r) = -354284*r + 2125706. Give k(6).
2
Let k(h) = h**3 - 99*h**2 + 149*h - 4993. Give k(98).
5
Let d(z) = -5*z**2 - 403*z + 22653. What is d(38)?
119
Let c(l) = 20397*l - 4711702. Determine c(231).
5
Let k(s) = 2*s**3 - 111*s**2 + 110*s - 2274. What is k(55)?
751
Let h(q) = -724*q + 3083. Give h(-5).
6703
Let c(y) = -126*y**2 + 2148*y + 12. What is c(17)?
114
Let g(w) = 87731*w - 11668226. Give g(133).
-3
Let o(w) = -473*w + 2564. Give o(7).
-747
Let u(k) = -16998*k + 1427751. Determine u(84).
-81
Let h(a) = a**2 - 612443*a - 3062244. What is h(-5)?
-4
Let y(j) = -j**3 + 4609*j + 13857. Determine y(-3).
57
Let u(l) = -l**3 - 87*l**2 - 1299*l - 485. Give u(-68).
-9
Let s(g) = 1324060*g + 3972183. What is s(-3)?
3
Let p(d) = d**2 - 2839*d + 125723. Determine p(45).
-7
Let q(p) = p**2 + 18494*p - 92496. What is q(5)?
-1
Let s(i) = -4*i**3 - 320*i**2 - 4938*i + 394. Give s(-21).
16
Let a(n) = n**2 - 72962*n - 656726. Give a(-9).
13
Let g(l) = 10781*l - 11762080. Determine g(1091).
-9
Let z(r) = -1821*r**3 - 23*r**2 - 2*r + 4. Determine z(1).
-1842
Let s(d) = -16*d**2 + 262*d - 1336. What is s(6)?
-340
Let n(a) = -57866*a + 1620239. Determine n(28).
-9
Let f(h) = 65891*h + 1383699. Give f(-21).
-12
Let b(g) = 13*g**2 + 23*g - 107320. Calculate b(90).
50
Let z(q) = 8*q**3 + 2431*q**2 - 305*q - 233. What is z(-304)?
71
Let t(i) = -78*i**2 + 9831*i - 260. What is t(126)?
118
Let o(q) = 23*q**2 + 3*q + 122. Determine o(0).
122
Let m(q) = q**3 - 15*q**2 + 50*q - 238. Calculate m(14).
266
Let h(d) = -d**3 + 12*d**2 + 666*d - 1802. Give h(-22).
2
Let j(f) = 6*f**3 + 112*f**2 - 190*f - 558. Determine j(-20).
42
Let g(v) = v**3 + 10*v**2 - 385*v + 141. Give g(15).
-9
Let h(u) = -8373*u + 58593. What is h(7)?
-18
Let z(y) = 8*y**2 + 104*y - 1024. Determine z(13).
1680
Let u(r) = -458582*r + 10088813. Calculate u(22).
9
Let y(t) = -5*t**2 - 8500*t + 25496. Determine y(3).
-49
Let t(w) = -2*w**2 - 649*w + 32543. Calculate t(44).
115
Let v(o) = -2*o**3 - 202*o**2 - 352*o - 15205. Determine v(-100).
-5
Let c(p) = 2287*p - 1166345. Give c(510).
25
Let y(v) = -300926*v - 601915. Determine y(-2).
-63
Let j(z) = z**3 + 2*z**2 - 549*z + 128. Give j(22).
-334
Let l(z) = -z**3 + 176*z**2 - 1681*z - 47090. What is l(164)?
-22
Let l(k) = 1814*k - 303. What is l(0)?
-303
Let u(w) = -4*w**2 + 2147*w + 37648. Determine u(-17).
-7
Let a(u) = -437*u - 17029. Give a(-34).
-2171
Let l(r) = -13*r**3 + 822*r**2 + 4976*r. Give l(-6).
2544
Let x(z) = 3762*z + 7. Give x(0).
7
Let g(p) = p**3 - 7282*p**2 + 94496*p + 78. Determine g(13).
65
Let c(f) = f**3 - 761*f**2 - 6157*f + 3830. Calculate c(769).
-15
Let k(n) = -2*n**3 + 44*n**2 - 200*n + 58. Determine k(15).
208
Let y(o) = -11*o**2 - 1770*o + 16089. What is y(9)?
-732
Let h(w) = 2*w**2 + 4456*w + 183614. What is h(-42)?
-10
Let p(y) = 3*y**2 - 1140*y - 4625. What is p(-4)?
-17
Let c(j) = 2184*j + 33222. Calculate c(-15).
462
Let k(z) = 53*z - 4195. What is k(80)?
45
Let w(u) = u**2 + 2185*u + 94226. Calculate w(-44).
22
Let z(d) = 4*d**3 - 147*d**2 - 34*d - 136. Determine z(37).
-25
Let f(g) = 6*g**2 - 709*g + 19947. Calculate f(72).
3
Let f(v) = -442*v + 20837. Determine f(47).
63
Let t(j) = 11729*j + 33819. Calculate t(-3).
-1368
Let z(m) = -8*m**2 + 6127*m - 119331. Calculate z(20).
9
Let s(x) = 317*x - 2739. Give s(9).
114
Let f(t) = 36923*t + 3803078. Give f(-103).
9
Let w(n) = 13*n**3 - 12*n**2 - 63*n - 9. What is w(-4)?
-781
Let k(x) = 131*x**2 - 1950*x - 193. What is k(15)?
32
Let w(s) = 5*s**2 - 175*s + 559. Calculate w(5).
-191
Let k(b) = -3*b**3 + 16*